). Determine v(-6).
-1
Let n(k) = k**3 - 8*k**2 + 9*k - 8. Suppose -4301 = -12*g + 29*g. Let q = -246 - g. What is n(q)?
6
Let g = 2626 - 2634. Let i(u) = u**3 + 8*u**2 - 4*u - 32. Determine i(g).
0
Suppose 0 = 431*u - 430*u - 4. Let o(v) = -6*v - 6. Determine o(u).
-30
Suppose 0 = 5*t + w - 48, -5*w = 633*t - 638*t. Let c(g) = g**3 - 8*g**2 - 10*g - 4. What is c(t)?
-84
Let j be 1/(-5) + 52/(-65) - 41. Let v = -37 - j. Suppose -14 = v*w + 6. Let z(i) = -i**2 - 2*i + 1. Determine z(w).
-7
Suppose -5*y + f + 3*f = -20, 0 = 2*y + 5*f - 8. Let p(v) = 2*v**3 + 5 + 3 - 3*v**3 + 0 - 9 - 3*v + 5*v**2. What is p(y)?
3
Let u = 139 - 126. Suppose s + 3*a = 8, 0 = 5*s - 2*a - 53 + u. Let q(w) = -w**2 + 6*w + 3. Give q(s).
-13
Suppose o + 4 = -0, -5*t - o - 504 = 0. Let h = 91 + t. Let q(k) = k**2 + 9*k + 11. Calculate q(h).
11
Let l be 75 + 1*2*2/4. Let y be (l/5)/((-2)/15). Let h = 108 + y. Let m(c) = 2*c + 7. Calculate m(h).
-5
Let d(b) = -b + 24. Suppose 0 = -4*y - p - 56, -p - 115 = 5*y - 46. What is d(y)?
37
Suppose -57*v = -75*v + 35*v + 68. Let r(z) = -z**2 + 2*z + 3. Determine r(v).
-21
Let u = 235 + -248. Let w(i) = -3*i + 27. Let v(q) = -17*q + 162. Let y(l) = u*w(l) + 2*v(l). Determine y(6).
3
Let z(a) = -4*a**3 + a**2 - 2*a - 4. Suppose -4*s = -3*n - 23, 3*n + 3*s + 1422 = 1434. What is z(n)?
3
Let y(x) = 77*x**2 - 1695*x + 29. Let k be y(22). Let h(v) = 3*v**2 - 9 + 17*v - 2*v**2 - 23*v. Calculate h(k).
-2
Let c = 42 + -37. Let x(z) = z**2 - 19*z**2 - c*z**2 - 1. Suppose -6*q = 23*q - 29. Determine x(q).
-24
Let j(a) = -38*a**3 - a**2 + a - 1. Let x(i) = 26*i + 131. Let v be x(-5). Let q be v - (1 - 1)*38/114. What is j(q)?
-39
Let a(y) be the second derivative of y**4/4 + y**3/2 + 3*y**2/2 + 62*y - 4. Determine a(4).
63
Let p be (-5976)/32 + 3/4. Let h = -191 - p. Let r(v) = -v**3 - 6*v**2 - 8*v - 4. Give r(h).
11
Suppose 3*u - 78 = -0*u. Suppose 16*w - u*w + 40 = 0. Let t(p) = -p**3 + 2*p**3 + w*p + 3 + 2 - 7 - 6*p**2. Calculate t(5).
-7
Suppose 2376 = 10*z + 696. Suppose 35 + z = -29*k. Let q(i) = i**2 + 6*i + 3. Determine q(k).
10
Let k(w) = w**2 + w - 5. Suppose 2*i + 4*m = 4*i - 2, 2*i + m = -18. Let f be 2/i - 132/28. Give k(f).
15
Let r(c) = 3*c + 4. Let y be (-29)/(-2) - (-1 + (-6)/(-4)). Let f(l) = 4 - l**2 + y + 17 + 13*l - 8. Let p be f(15). Determine r(p).
-5
Let y(m) = 2*m**2 + 8*m + 2. Suppose 5*w - 5*a - 84 + 54 = 0, -5*w - a = -6. Let p be w/((66/(-88))/((-6)/(-4))). What is y(p)?
2
Suppose 0 = 17*v + 23*v - 6600. Let q be -2 + 20/8 + v/22. Let y(s) = -s + 7. Calculate y(q).
-1
Suppose -2*h - 127 = -3*q, 0 = -2*q + 4*h - 22 + 120. Let s = 41 - q. Let v(f) = -3 - 2*f**s + 7*f + 3*f**2 - 2 + 0. What is v(-7)?
-5
Let p(h) = h**2 + 15. Let g(j) be the second derivative of j**3 - 21*j**2 + 99*j. Let z be g(7). What is p(z)?
15
Let y be 200/(-16)*(-8)/10. Let g(n) = 9*n + 428. Let f be g(-47). Let i(l) = l - f + y + 2*l - l. What is i(-7)?
-9
Let r(v) be the first derivative of -5*v**4/24 - 5*v**3/6 - 63*v**2/2 - 46. Let t(j) be the second derivative of r(j). Calculate t(-5).
20
Let f = -5686 + 5687. Let o(c) = -33*c**2 - c. Give o(f).
-34
Let l(b) = b. Let s(z) = z**2 + 7*z + 4. Let d(q) = l(q) - s(q). Let y be d(-4). Let j(r) = -6 + 2 - y*r**2 - 51*r + r**3 + 53*r. Calculate j(3).
-7
Let g(l) = 112*l + 236. Let r(p) = -62*p - 125. Let u(t) = 6*g(t) + 11*r(t). Give u(-4).
81
Let c(j) = -j**2 + 6*j - 93. Let s(g) = 2*g**2 - g - 42. Let a(b) = -c(b) + s(b). Determine a(7).
149
Suppose 4*a = -3*h - 32, -5*a + 6*a - 7 = 3*h. Let r(u) be the first derivative of 3/2*u**2 + 5*u + 1. Determine r(h).
-7
Let c(r) = -2*r**3 - 2*r**2 + r - 3. Let z be c(-2). Let v(x) = -3*x - z*x + 4*x + 2*x - 7*x - 7 - x**2. Let k = 18 + -25. Determine v(k).
-7
Let u(h) = 683*h - 220*h - 234*h - 218*h. Suppose -3*r + 5*l = 34, -3*l + 2 = 4*r - 1. What is u(r)?
-33
Let b(p) = -1297028 - 7*p + 18*p - 11*p + 37*p + 1296891. What is b(3)?
-26
Let x(w) = -w**2 - 28*w - 157. Let n be x(-20). Let o(c) = n + c**2 + c - 2 - 6 - 2*c - 1. What is o(3)?
0
Let c(y) = -y**2 - 9*y + 301. Let i be c(-23). Let j(b) = b**3 + 21*b**2 - 7. What is j(i)?
-7
Suppose 4*w + 5*b = 30, -3*w = -10*b + 12*b - 19. Let d(a) = -7*a - 18. Let z(l) = -8*l - 18. Let m(o) = w*z(o) - 6*d(o). Calculate m(-11).
-4
Let o(d) = -d**2 + d. Let w(h) = -4*h**2 + 6*h + 3. Let c(t) = -3*o(t) + w(t). Let b = 18 + -12. Calculate c(b).
-15
Let a = 4480 + -4489. Let m(g) = -g**3 - 9*g**2 + 13*g + 1. Give m(a).
-116
Let j be (-26)/(-14) - (-24)/(-28). Let v(g) = 4*g + 2. Let c(t) = -16*t - 16. Let o(b) = j*c(b) + 6*v(b). What is o(5)?
36
Let j(m) = -m - m + 3*m + 4. Let n = 261 - 264. Let y(u) = -2*u - 3. Let z(d) = n*y(d) - 4*j(d). Calculate z(5).
3
Let k(v) = -v**2 + 12*v + 49. Suppose 8*y - 4*i = 6*y + 50, y - 4*i = 35. Give k(y).
4
Let c(q) = -q**3 + 14*q**2 + 31*q + 16. Let v be c(16). Let d(x) be the first derivative of 4/3*x**3 - 3 - x + v*x**2 - 1/4*x**4. Give d(4).
-1
Let i(l) = l**3 - 2*l**2 + 3*l - 3. Let g be (((-2706)/(-12))/11)/(1/(-12)). Let z = 248 + g. Calculate i(z).
3
Let f(b) be the second derivative of b**3/6 + 8*b**2 + 2*b - 118. Let j be ((-16)/(-1) + -1)*-1. Give f(j).
1
Let f(u) = u**3 - 7*u**2 - 4*u + 10. Let s(b) = 3*b + 15 + 13*b + 15*b - 96 - 9*b. Let m be s(4). Determine f(m).
-18
Let w(q) = -2*q + 1. Let b(k) = -k - 1. Let v be (5 - 2)/((-3)/2). Let u(t) = v*b(t) - w(t). Let r = 87 + -86. Determine u(r).
5
Let d(f) = -588*f + 119 + 7*f**2 - 9*f**2 + 295*f + 284*f - 14. Give d(-10).
-5
Suppose -w = 5*l + 25, l + 5*w = 7 + 12. Let m be (3/((-27)/6))/(4/l). Let g(k) = 21*k. Give g(m).
21
Let g(u) be the first derivative of -u**4/4 - 10*u**3/3 - 5*u**2 + u + 1472. Suppose 3*j - 11 = 2*j + 4*n, -j + 3*n + 6 = 0. Calculate g(j).
10
Suppose -192*x = 408*x - 814 + 214. Let u(l) be the second derivative of -3*l**5/10 - l**4/12 + l**3/3 - l**2/2 - l. What is u(x)?
-6
Let h(g) = g**2 - g. Let r be h(3). Let q(l) be the third derivative of -l**6/120 + l**5/12 + l**4/6 - 2*l**3/3 - 9*l**2. Calculate q(r).
-16
Let b(x) = -8*x**2 - 5*x - 22. Let j(r) = -33*r**2 - 21*r - 98. Let o(v) = 9*b(v) - 2*j(v). What is o(-2)?
-20
Let d be 144/300*(-10)/3 + (-2)/(20/(-6)). Let v(r) be the third derivative of r**4/24 + r**2. Give v(d).
-1
Let a be (-19 - 9 - -27)*(23/(-2) + 2). Let u(m) be the first derivative of -a*m**2 + 13 + m. Give u(1).
-18
Let k(a) = -a**3 - 5*a**2 + 7*a + 7. Let f be k(-6). Let y(x) be the first derivative of -5*x**4/2 + 2*x**3/3 - x**2 + x + 59616. What is y(f)?
-9
Let f(x) be the third derivative of x**8/20160 - x**7/560 + x**6/360 - x**5/2 - 2*x**2 + 15*x. Let j(d) be the third derivative of f(d). What is j(6)?
-16
Let z(i) = -4*i - 13. Let q = 226 + -231. Calculate z(q).
7
Let d(n) = 35 + 28*n - 59*n - 3 + 5. Calculate d(1).
6
Let q(w) = -w**2 - 16*w + 5. Let o be q(-16). Let j(i) = 2*i**3 - 11*i**2 - i + 10. Determine j(o).
-20
Let m(y) = y - 1. Suppose -5*r - 2*w = 3*w + 5, -5*w - 29 = -r. Suppose 0 = -r*d - 4*d + 16. Let b be 1 + 2 + d/(-1). Calculate m(b).
0
Let w(c) = -4*c + 3 - 6 + 6*c. Let o be 15/(-5) - (2 - 1) - 0. Calculate w(o).
-11
Let j(w) = -w**2 + 8*w - 22. Suppose -60 = 3840*u - 3852*u. Calculate j(u).
-7
Let r be ((5548/152)/((-1)/(-2)))/(-1). Let a be (r + 70)*(-1 + 3). Let i(m) be the third derivative of m**5/60 + m**4/4 - m**3/2 + m**2. What is i(a)?
-3
Let q(j) be the second derivative of j**5/120 + 7*j**4/24 + 2*j**3 + j. Let d(x) be the second derivative of q(x). Let c = 1119 + -1124. What is d(c)?
2
Let q(r) = r**3 + 10*r**2 + 5*r. Let p be q(-10). Let m be ((-20)/15)/((-2)/(-6)) - -58. Let b = m + p. Let d(o) = o**2 - 3*o - 3. What is d(b)?
1
Let c be 209/(-154)*-6 - (-8)/(-56). Let d(m) = -12*m + 95. Calculate d(c).
-1
Let v(w) = -w**3 + 9*w**2 + 2*w - 8. Suppose -77*b - 2*y + 8 = -75*b, 3*b + 2*y - 17 = 0. Give v(b).
10
Let s(z) = -144*z**3 + 28*z**2 + z + 20. Let c(i) = 29*i**3 - 5*i**2 - 4. Let q(b) = 11*c(b) + 2*s(b). Give q(1).
30
Let c(h) = 7*h**2 + 170*h + 172. Let x(f) = 4*f**2 + 106*f + 86. Let g(l) = -3*c(l) + 5*x(l). Calculate g(8).
10
Suppose -63 = -66*k + 73*k. Let n(z) = z**3 + 9*z**2 + 3*z + 3. Calculate n(k).
-24
Let r(p) = p**2 - 2*p - 3. Let y be ((-21)/(-9) + -1)/(49/294). Suppose 2*n = -17 + 67. Suppose y*z - 9 + n = 0. Calcu